{"id":1909,"date":"2025-03-10T06:31:58","date_gmt":"2025-03-10T05:31:58","guid":{"rendered":"https:\/\/vtc-inclusif.fr\/?page_id=1909"},"modified":"2025-08-27T14:58:36","modified_gmt":"2025-08-27T12:58:36","slug":"qui-sommes-nous","status":"publish","type":"page","link":"https:\/\/vtc-inclusif.fr\/index.php\/qui-sommes-nous\/","title":{"rendered":"Qui sommes-nous"},"content":{"rendered":"\t\t<div data-elementor-type=\"wp-page\" data-elementor-id=\"1909\" class=\"elementor elementor-1909\" data-elementor-post-type=\"page\">\n\t\t\t\t\t\t<section class=\"elementor-section elementor-top-section elementor-element elementor-element-5d4b30a elementor-section-boxed elementor-section-height-default elementor-section-height-default\" data-id=\"5d4b30a\" data-element_type=\"section\">\n\t\t\t\t\t\t<div class=\"elementor-container elementor-column-gap-default\">\n\t\t\t\t\t<div class=\"elementor-column elementor-col-100 elementor-top-column elementor-element elementor-element-a4f7f1e\" data-id=\"a4f7f1e\" data-element_type=\"column\">\n\t\t\t<div class=\"elementor-widget-wrap elementor-element-populated\">\n\t\t\t\t\t\t<div class=\"elementor-element elementor-element-fbd0e80 elementor-widget elementor-widget-heading\" data-id=\"fbd0e80\" data-element_type=\"widget\" data-widget_type=\"heading.default\">\n\t\t\t\t<div class=\"elementor-widget-container\">\n\t\t\t\t\t<h2 class=\"elementor-heading-title elementor-size-default\">QUI SOMMES-NOUS ?<\/h2>\t\t\t\t<\/div>\n\t\t\t\t<\/div>\n\t\t\t\t<section class=\"elementor-section elementor-inner-section elementor-element elementor-element-6e5fbc6 elementor-section-boxed elementor-section-height-default elementor-section-height-default\" data-id=\"6e5fbc6\" data-element_type=\"section\">\n\t\t\t\t\t\t<div class=\"elementor-container elementor-column-gap-default\">\n\t\t\t\t\t<div class=\"elementor-column elementor-col-100 elementor-inner-column elementor-element elementor-element-84a7d82\" data-id=\"84a7d82\" data-element_type=\"column\">\n\t\t\t<div class=\"elementor-widget-wrap elementor-element-populated\">\n\t\t\t\t\t\t<div class=\"elementor-element elementor-element-0baba1c elementor-widget elementor-widget-text-editor\" data-id=\"0baba1c\" data-element_type=\"widget\" data-widget_type=\"text-editor.default\">\n\t\t\t\t<div class=\"elementor-widget-container\">\n\t\t\t\t\t\t\t\t\t<p><span style=\"font-family: var( --e-global-typography-text-font-family ), Sans-serif; font-weight: var( --e-global-typography-text-font-weight );\">Depuis 2020, <strong>VTC Inclusif<\/strong> accompagne avec succ\u00e8s les futurs <strong>chauffeurs VTC<\/strong>.<\/span>\u00a0Voici une opportunit\u00e9 de vous pr\u00e9parer efficacement\u00a0\u00e0 l&rsquo;<strong>examen pratique VTC<\/strong> en vous proposant des <strong>examens blancs<\/strong> sur les diff\u00e9rentes<strong> cma d&rsquo;\u00cele-de-France<\/strong> et ses environs. Ainsi que des <strong>locations <span style=\"font-family: var( --e-global-typography-text-font-family ), Sans-serif;\">de v\u00e9hicule \u00e0 double commande<\/span><\/strong><span style=\"font-family: var( --e-global-typography-text-font-family ), Sans-serif; font-weight: var( --e-global-typography-text-font-weight );\">\u00a0et des v\u00e9hicules hybrides r\u00e9pondant aux normes vtc.<\/span><\/p><p>Nous sommes une \u00e9quipe exp\u00e9riment\u00e9e, p\u00e9dagogue et passionn\u00e9e de la r\u00e9ussite, qui poss\u00e8dent une expertise approfondie dans le domaine des examens vtc. On se chargera de vous transmettre des connaissances pr\u00e9cieuses et des conseils pratiques qui vous permettront d&rsquo;exceller en tant que chauffeur VTC. Vous serez guid\u00e9s \u00e0 travers des cours interactifs et des simulations sur le terrain, afin de vous pr\u00e9parer de mani\u00e8re optimale \u00e0 l&rsquo;examen.<\/p><p><a href=\"https:\/\/vtc-inclusif.fr\/index.php\/ou-nous-trouver\/\">O\u00d9 NOUS TROUVER ?<\/a>\u00a0<\/p><p>Nous intervenons sur les centres d&rsquo;examen tel que<\/p><p><strong>Laon (02), Beauvais(60), Paris(75), Melun(77), Versailles(78), \u00c9vry(91), Nanterre(92), Bobigny(93), Saint-Maur-Des-Foss\u00e9s(94) et Cergy(95)<\/strong><\/p>\t\t\t\t\t\t\t\t<\/div>\n\t\t\t\t<\/div>\n\t\t\t\t\t<\/div>\n\t\t<\/div>\n\t\t\t\t\t<\/div>\n\t\t<\/section>\n\t\t\t\t\t<\/div>\n\t\t<\/div>\n\t\t\t\t\t<\/div>\n\t\t<\/section>\n\t\t\t\t<footer class=\"elementor-section elementor-top-section elementor-element elementor-element-48846e3c elementor-section-full_width elementor-section-content-middle elementor-section-height-default elementor-section-height-default\" data-id=\"48846e3c\" data-element_type=\"section\">\n\t\t\t\t\t\t<div class=\"elementor-container elementor-column-gap-no\">\n\t\t\t\t\t<div class=\"elementor-column elementor-col-25 elementor-top-column elementor-element elementor-element-4b17e163\" data-id=\"4b17e163\" data-element_type=\"column\">\n\t\t\t<div class=\"elementor-widget-wrap elementor-element-populated\">\n\t\t\t\t\t\t<div class=\"elementor-element elementor-element-14249c43 elementor-widget elementor-widget-image\" data-id=\"14249c43\" data-element_type=\"widget\" data-widget_type=\"image.default\">\n\t\t\t\t<div class=\"elementor-widget-container\">\n\t\t\t\t\t\t\t\t\t\t\t\t\t\t\t<img decoding=\"async\" src=\"https:\/\/vtc-inclusif.fr\/wp-content\/uploads\/2025\/03\/logo.svg\" title=\"\" alt=\"\" loading=\"lazy\" \/>\t\t\t\t\t\t\t\t\t\t\t\t\t\t\t<\/div>\n\t\t\t\t<\/div>\n\t\t\t\t\t<\/div>\n\t\t<\/div>\n\t\t\t\t<div class=\"elementor-column elementor-col-50 elementor-top-column elementor-element elementor-element-3058d3d3\" data-id=\"3058d3d3\" data-element_type=\"column\">\n\t\t\t<div class=\"elementor-widget-wrap elementor-element-populated\">\n\t\t\t\t\t\t<div class=\"elementor-element elementor-element-531dcaa0 elementor-icon-list--layout-inline elementor-tablet-align-center elementor-align-center elementor-list-item-link-full_width elementor-widget elementor-widget-icon-list\" data-id=\"531dcaa0\" data-element_type=\"widget\" data-widget_type=\"icon-list.default\">\n\t\t\t\t<div class=\"elementor-widget-container\">\n\t\t\t\t\t\t\t<ul class=\"elementor-icon-list-items elementor-inline-items\">\n\t\t\t\t\t\t\t<li class=\"elementor-icon-list-item elementor-inline-item\">\n\t\t\t\t\t\t\t\t\t\t<span class=\"elementor-icon-list-text\">123-456-7890<\/span>\n\t\t\t\t\t\t\t\t\t<\/li>\n\t\t\t\t\t\t\t\t<li class=\"elementor-icon-list-item elementor-inline-item\">\n\t\t\t\t\t\t\t\t\t\t<span class=\"elementor-icon-list-text\">123 Main Street, New York, NY 10001<\/span>\n\t\t\t\t\t\t\t\t\t<\/li>\n\t\t\t\t\t\t\t\t<li class=\"elementor-icon-list-item elementor-inline-item\">\n\t\t\t\t\t\t\t\t\t\t<span class=\"elementor-icon-list-text\">Mon-Fri 9:00AM - 5:00PM<\/span>\n\t\t\t\t\t\t\t\t\t<\/li>\n\t\t\t\t\t\t<\/ul>\n\t\t\t\t\t\t<\/div>\n\t\t\t\t<\/div>\n\t\t\t\t\t<\/div>\n\t\t<\/div>\n\t\t\t\t<div class=\"elementor-column elementor-col-25 elementor-top-column elementor-element elementor-element-38c63939\" data-id=\"38c63939\" data-element_type=\"column\">\n\t\t\t<div class=\"elementor-widget-wrap elementor-element-populated\">\n\t\t\t\t\t\t<div class=\"elementor-element elementor-element-35f65348 e-grid-align-right e-grid-align-tablet-right e-grid-align-mobile-center elementor-widget-mobile__width-inherit elementor-shape-rounded elementor-grid-0 elementor-widget elementor-widget-social-icons\" data-id=\"35f65348\" data-element_type=\"widget\" data-widget_type=\"social-icons.default\">\n\t\t\t\t<div class=\"elementor-widget-container\">\n\t\t\t\t\t\t\t<div class=\"elementor-social-icons-wrapper elementor-grid\" role=\"list\">\n\t\t\t\t\t\t\t<span class=\"elementor-grid-item\" role=\"listitem\">\n\t\t\t\t\t<a class=\"elementor-icon elementor-social-icon elementor-social-icon-facebook-f elementor-repeater-item-3f1b7ac\" target=\"_blank\">\n\t\t\t\t\t\t<span class=\"elementor-screen-only\">Facebook-f<\/span>\n\t\t\t\t\t\t<i aria-hidden=\"true\" class=\"fab fa-facebook-f\"><\/i>\t\t\t\t\t<\/a>\n\t\t\t\t<\/span>\n\t\t\t\t\t\t\t<span class=\"elementor-grid-item\" role=\"listitem\">\n\t\t\t\t\t<a class=\"elementor-icon elementor-social-icon elementor-social-icon- elementor-repeater-item-5c0ce3c\" target=\"_blank\">\n\t\t\t\t\t\t<span class=\"elementor-screen-only\"><\/span>\n\t\t\t\t\t\t\t\t\t\t\t<\/a>\n\t\t\t\t<\/span>\n\t\t\t\t\t\t\t<span class=\"elementor-grid-item\" role=\"listitem\">\n\t\t\t\t\t<a class=\"elementor-icon elementor-social-icon elementor-social-icon-twitter elementor-repeater-item-828f132\" target=\"_blank\">\n\t\t\t\t\t\t<span class=\"elementor-screen-only\">Twitter<\/span>\n\t\t\t\t\t\t<i aria-hidden=\"true\" class=\"fab fa-twitter\"><\/i>\t\t\t\t\t<\/a>\n\t\t\t\t<\/span>\n\t\t\t\t\t<\/div>\n\t\t\t\t\t\t<\/div>\n\t\t\t\t<\/div>\n\t\t\t\t\t<\/div>\n\t\t<\/div>\n\t\t\t\t\t<\/div>\n\t\t<\/footer>\n\t\t\t\t<section class=\"elementor-section elementor-top-section elementor-element elementor-element-23eedbc elementor-section-boxed elementor-section-height-default elementor-section-height-default\" data-id=\"23eedbc\" data-element_type=\"section\">\n\t\t\t\t\t\t<div class=\"elementor-container elementor-column-gap-default\">\n\t\t\t\t\t<div class=\"elementor-column elementor-col-100 elementor-top-column elementor-element elementor-element-5d9ea12\" data-id=\"5d9ea12\" data-element_type=\"column\">\n\t\t\t<div class=\"elementor-widget-wrap elementor-element-populated\">\n\t\t\t\t\t\t<div class=\"elementor-element elementor-element-b957c36 elementor-widget elementor-widget-google_maps\" data-id=\"b957c36\" data-element_type=\"widget\" data-widget_type=\"google_maps.default\">\n\t\t\t\t<div class=\"elementor-widget-container\">\n\t\t\t\t\t\t\t<div class=\"elementor-custom-embed\">\n\t\t\t<iframe loading=\"lazy\"\n\t\t\t\t\tsrc=\"https:\/\/maps.google.com\/maps?q=91%20rue%20edouard%20renard%2093000&#038;t=m&#038;z=14&#038;output=embed&#038;iwloc=near\"\n\t\t\t\t\ttitle=\"91 rue edouard renard 93000\"\n\t\t\t\t\taria-label=\"91 rue edouard renard 93000\"\n\t\t\t><\/iframe>\n\t\t<\/div>\n\t\t\t\t\t\t<\/div>\n\t\t\t\t<\/div>\n\t\t\t\t\t<\/div>\n\t\t<\/div>\n\t\t\t\t\t<\/div>\n\t\t<\/section>\n\t\t\t\t<header class=\"elementor-section elementor-top-section elementor-element elementor-element-8f6f369 elementor-section-full_width elementor-section-height-min-height elementor-section-content-middle elementor-section-height-default elementor-section-items-middle\" data-id=\"8f6f369\" data-element_type=\"section\">\n\t\t\t\t\t\t<div class=\"elementor-container elementor-column-gap-no\">\n\t\t\t\t\t<div class=\"elementor-column elementor-col-25 elementor-top-column elementor-element elementor-element-f764587\" data-id=\"f764587\" data-element_type=\"column\">\n\t\t\t<div class=\"elementor-widget-wrap elementor-element-populated\">\n\t\t\t\t\t\t<div class=\"elementor-element elementor-element-6d32f02 elementor-widget elementor-widget-image\" data-id=\"6d32f02\" data-element_type=\"widget\" data-widget_type=\"image.default\">\n\t\t\t\t<div class=\"elementor-widget-container\">\n\t\t\t\t\t\t\t\t\t\t\t\t\t\t\t<img decoding=\"async\" width=\"75\" height=\"70\" src=\"https:\/\/vtc-inclusif.fr\/wp-content\/uploads\/2023\/08\/Logo-protoytpe-mini-X.png\" class=\"attachment-medium size-medium wp-image-280\" alt=\"\" \/>\t\t\t\t\t\t\t\t\t\t\t\t\t\t\t<\/div>\n\t\t\t\t<\/div>\n\t\t\t\t<div class=\"elementor-element elementor-element-fa5650c elementor-widget elementor-widget-text-editor\" data-id=\"fa5650c\" data-element_type=\"widget\" data-widget_type=\"text-editor.default\">\n\t\t\t\t<div class=\"elementor-widget-container\">\n\t\t\t\t\t\t\t\t\t<h6><a href=\"tel: +33 6 66 42 30 58\" data-wplink-edit=\"true\"><span style=\"color: #003366;\">+33 6 66 42 30 58<\/span><\/a><\/h6><h6><a href=\"contact@vtc-inclusif.fr\"><span style=\"color: #003366;\">contact@vtc-inclusif.fr<\/span><\/a><\/h6>\t\t\t\t\t\t\t\t<\/div>\n\t\t\t\t<\/div>\n\t\t\t\t\t<\/div>\n\t\t<\/div>\n\t\t\t\t<div class=\"elementor-column elementor-col-25 elementor-top-column elementor-element elementor-element-560bef8\" data-id=\"560bef8\" data-element_type=\"column\">\n\t\t\t<div class=\"elementor-widget-wrap elementor-element-populated\">\n\t\t\t\t\t\t<div class=\"elementor-element elementor-element-78733ba elementor-widget elementor-widget-text-editor\" data-id=\"78733ba\" data-element_type=\"widget\" data-widget_type=\"text-editor.default\">\n\t\t\t\t<div class=\"elementor-widget-container\">\n\t\t\t\t\t\t\t\t\t<h6><span style=\"text-decoration: underline; color: #003366;\"><strong>INFORMATIONS<\/strong><\/span><\/h6><h6><span style=\"color: #003366;\"><a style=\"color: #003366;\" href=\"https:\/\/vtc-inclusif.fr\/index.php\/qui-sommes-nous\">Qui sommes-nous ?<\/a><\/span><\/h6><h6><a href=\"https:\/\/vtc-inclusif.fr\/index.php\/ou-nous-trouver\/\"><span style=\"color: #003366;\">O\u00f9 nous trouver ?<\/span><\/a><\/h6><h6><span style=\"color: #003366;\"><a style=\"color: #003366;\" href=\"https:\/\/g.page\/r\/CWfg14t01SD4EAE\/review\">Avis de nos clients<\/a><\/span><\/h6><h6><span style=\"color: #003366;\">Mentions l\u00e9gales<\/span><\/h6><h6><a href=\"https:\/\/vtc-inclusif.fr\/index.php\/politique-de-confidentialite\/\"><span style=\"color: #003366;\">Politique de confidentialit\u00e9<\/span><\/a><\/h6><h6><span style=\"color: #003366;\">Plan de site<\/span><\/h6><h6><span style=\"color: #003366;\">Conditions g\u00e9n\u00e9rales de vente<\/span><\/h6><h6><span style=\"color: #003366;\">Personnes en situation de handicap<\/span><\/h6><h6><span style=\"color: #003366;\">Demande de partenariat<\/span><\/h6><h6><span style=\"color: #003366;\">Nous recrutons<\/span><\/h6>\t\t\t\t\t\t\t\t<\/div>\n\t\t\t\t<\/div>\n\t\t\t\t\t<\/div>\n\t\t<\/div>\n\t\t\t\t<div class=\"elementor-column elementor-col-25 elementor-top-column elementor-element elementor-element-1582f07\" data-id=\"1582f07\" data-element_type=\"column\">\n\t\t\t<div class=\"elementor-widget-wrap elementor-element-populated\">\n\t\t\t\t\t\t<div class=\"elementor-element elementor-element-6a178a0 elementor-widget elementor-widget-text-editor\" data-id=\"6a178a0\" data-element_type=\"widget\" data-widget_type=\"text-editor.default\">\n\t\t\t\t<div class=\"elementor-widget-container\">\n\t\t\t\t\t\t\t\t\t<h6><span style=\"text-decoration: underline; color: #003366;\"><strong>DEVENIR CHAUFFEUR VTC<\/strong><\/span><\/h6><h6><span style=\"color: #003366;\">Le m\u00e9tier de chauffeur VTC<\/span><\/h6><h6><span style=\"color: #003366;\">L&rsquo;examen VTC<\/span><\/h6><h6><a href=\"https:\/\/vtc-inclusif.fr\/index.php\/formation-theorique-vtc\/\"><span style=\"color: #003366;\">Formation VTC th\u00e9orique<\/span><\/a><\/h6><h6><a href=\"https:\/\/vtc-inclusif.fr\/index.php\/formation-pratique-vtc\/\"><span style=\"color: #003366;\">Formation VTC pratique<\/span><\/a><\/h6><h6><span style=\"color: #003366;\">Le programme officiel<\/span><\/h6><h6><a href=\"https:\/\/vtc-inclusif.fr\/index.php\/locations-vehicules\/\"><span style=\"color: #003366;\">Location de v\u00e9hicule VTC<\/span><\/a><\/h6><h6><span style=\"color: #003366;\">Les applications VTC<\/span><\/h6>\t\t\t\t\t\t\t\t<\/div>\n\t\t\t\t<\/div>\n\t\t\t\t\t<\/div>\n\t\t<\/div>\n\t\t\t\t<div class=\"elementor-column elementor-col-25 elementor-top-column elementor-element elementor-element-21e95ab\" data-id=\"21e95ab\" data-element_type=\"column\">\n\t\t\t<div class=\"elementor-widget-wrap elementor-element-populated\">\n\t\t\t\t\t\t<div class=\"elementor-element elementor-element-d821a72 elementor-widget elementor-widget-text-editor\" data-id=\"d821a72\" data-element_type=\"widget\" data-widget_type=\"text-editor.default\">\n\t\t\t\t<div class=\"elementor-widget-container\">\n\t\t\t\t\t\t\t\t\t<h6>\u00a0<\/h6><h6><span style=\"text-decoration: underline; color: #003366;\"><strong>EXAMEN VTC<\/strong><\/span><\/h6><h6><a href=\"https:\/\/vtc-inclusif.fr\/index.php\/conseil-examen-vtc\/\"><span style=\"color: #003366;\">Conseils<\/span><\/a><\/h6><h6><a href=\"https:\/\/vtc-inclusif.fr\/index.php\/formules-vtc\/\"><span style=\"color: #003366;\">Tous les tarifs<\/span><\/a><\/h6><h6><span style=\"color: #003366;\">Formation pratique + v\u00e9hicule<\/span><\/h6><h6><a href=\"https:\/\/vtc-inclusif.fr\/index.php\/reservations\/\"><span style=\"color: #003366;\">Location de voiture double commande VTC<\/span><\/a><\/h6><h6><a href=\"https:\/\/vtc-inclusif.fr\/index.php\/reinscription-vtc\/\"><span style=\"color: #003366;\">Se r\u00e9inscrire \u00e0 l&rsquo;examen pratique VTC<\/span><\/a><\/h6>\t\t\t\t\t\t\t\t<\/div>\n\t\t\t\t<\/div>\n\t\t\t\t\t<\/div>\n\t\t<\/div>\n\t\t\t\t\t<\/div>\n\t\t<\/header>\n\t\t\t\t<\/div>\n\t\t","protected":false},"excerpt":{"rendered":"<p>QUI SOMMES-NOUS ? Depuis 2020, VTC Inclusif accompagne avec succ\u00e8s les futurs chauffeurs VTC.\u00a0Voici une opportunit\u00e9 de vous pr\u00e9parer efficacement\u00a0\u00e0 l&rsquo;examen pratique VTC en vous proposant des examens blancs sur les diff\u00e9rentes cma d&rsquo;\u00cele-de-France et ses environs. Ainsi que des locations de v\u00e9hicule \u00e0 double commande\u00a0et des v\u00e9hicules hybrides r\u00e9pondant aux normes vtc. Nous sommes [&hellip;]<\/p>\n","protected":false},"author":2,"featured_media":1926,"parent":0,"menu_order":0,"comment_status":"closed","ping_status":"closed","template":"templates\/fullwidth.php","meta":{"_acf_changed":false,"om_disable_all_campaigns":false,"_monsterinsights_skip_tracking":false,"_monsterinsights_sitenote_active":false,"_monsterinsights_sitenote_note":"","_monsterinsights_sitenote_category":0,"_uf_show_specific_survey":0,"_uf_disable_surveys":false,"footnotes":""},"class_list":["post-1909","page","type-page","status-publish","has-post-thumbnail","hentry"],"acf":[],"yoast_head":"<!-- This site is optimized with the Yoast SEO plugin v26.7 - https:\/\/yoast.com\/wordpress\/plugins\/seo\/ -->\n<title>Qui sommes-nous - VTC-Inclusif<\/title>\n<meta name=\"description\" content=\"VTC Inclusif est une entreprise en \u00cele-de-France qui accompagne les futurs chauffeurs VTC en proposant un service de pr\u00e9paration \u00e0 l&#039;examen vtc ainsi que des solutions vtc accessible \u00e0 tous.\" \/>\n<meta name=\"robots\" content=\"index, follow, max-snippet:-1, max-image-preview:large, max-video-preview:-1\" \/>\n<link rel=\"canonical\" href=\"https:\/\/vtc-inclusif.fr\/index.php\/qui-sommes-nous\/\" \/>\n<meta property=\"og:locale\" content=\"fr_FR\" \/>\n<meta property=\"og:type\" content=\"article\" \/>\n<meta property=\"og:title\" content=\"Qui sommes-nous - VTC-Inclusif\" \/>\n<meta property=\"og:description\" content=\"VTC Inclusif est une entreprise en \u00cele-de-France qui accompagne les futurs chauffeurs VTC en proposant un service de pr\u00e9paration \u00e0 l&#039;examen vtc ainsi que des solutions vtc accessible \u00e0 tous.\" \/>\n<meta property=\"og:url\" content=\"https:\/\/vtc-inclusif.fr\/index.php\/qui-sommes-nous\/\" \/>\n<meta property=\"og:site_name\" content=\"VTC-Inclusif\" \/>\n<meta property=\"article:modified_time\" content=\"2025-08-27T12:58:36+00:00\" \/>\n<meta property=\"og:image\" content=\"https:\/\/vtc-inclusif.fr\/wp-content\/uploads\/2023\/07\/logo-site.png\" \/>\n\t<meta property=\"og:image:width\" content=\"350\" \/>\n\t<meta property=\"og:image:height\" content=\"100\" \/>\n\t<meta property=\"og:image:type\" content=\"image\/png\" \/>\n<meta name=\"twitter:card\" content=\"summary_large_image\" \/>\n<meta name=\"twitter:label1\" content=\"Dur\u00e9e de lecture estim\u00e9e\" \/>\n\t<meta name=\"twitter:data1\" content=\"2 minutes\" \/>\n<script type=\"application\/ld+json\" class=\"yoast-schema-graph\">{\"@context\":\"https:\/\/schema.org\",\"@graph\":[{\"@type\":\"WebPage\",\"@id\":\"https:\/\/vtc-inclusif.fr\/index.php\/qui-sommes-nous\/\",\"url\":\"https:\/\/vtc-inclusif.fr\/index.php\/qui-sommes-nous\/\",\"name\":\"Qui sommes-nous - VTC-Inclusif\",\"isPartOf\":{\"@id\":\"https:\/\/vtc-inclusif.fr\/#website\"},\"primaryImageOfPage\":{\"@id\":\"https:\/\/vtc-inclusif.fr\/index.php\/qui-sommes-nous\/#primaryimage\"},\"image\":{\"@id\":\"https:\/\/vtc-inclusif.fr\/index.php\/qui-sommes-nous\/#primaryimage\"},\"thumbnailUrl\":\"https:\/\/vtc-inclusif.fr\/wp-content\/uploads\/2023\/07\/logo-site.png\",\"datePublished\":\"2025-03-10T05:31:58+00:00\",\"dateModified\":\"2025-08-27T12:58:36+00:00\",\"description\":\"VTC Inclusif est une entreprise en \u00cele-de-France qui accompagne les futurs chauffeurs VTC en proposant un service de pr\u00e9paration \u00e0 l'examen vtc ainsi que des solutions vtc accessible \u00e0 tous.\",\"breadcrumb\":{\"@id\":\"https:\/\/vtc-inclusif.fr\/index.php\/qui-sommes-nous\/#breadcrumb\"},\"inLanguage\":\"fr-FR\",\"potentialAction\":[{\"@type\":\"ReadAction\",\"target\":[\"https:\/\/vtc-inclusif.fr\/index.php\/qui-sommes-nous\/\"]}]},{\"@type\":\"ImageObject\",\"inLanguage\":\"fr-FR\",\"@id\":\"https:\/\/vtc-inclusif.fr\/index.php\/qui-sommes-nous\/#primaryimage\",\"url\":\"https:\/\/vtc-inclusif.fr\/wp-content\/uploads\/2023\/07\/logo-site.png\",\"contentUrl\":\"https:\/\/vtc-inclusif.fr\/wp-content\/uploads\/2023\/07\/logo-site.png\",\"width\":350,\"height\":100},{\"@type\":\"BreadcrumbList\",\"@id\":\"https:\/\/vtc-inclusif.fr\/index.php\/qui-sommes-nous\/#breadcrumb\",\"itemListElement\":[{\"@type\":\"ListItem\",\"position\":1,\"name\":\"Accueil\",\"item\":\"https:\/\/vtc-inclusif.fr\/\"},{\"@type\":\"ListItem\",\"position\":2,\"name\":\"Qui sommes-nous\"}]},{\"@type\":\"WebSite\",\"@id\":\"https:\/\/vtc-inclusif.fr\/#website\",\"url\":\"https:\/\/vtc-inclusif.fr\/\",\"name\":\"VTC-Inclusif\",\"description\":\"Examen blanc vtc et Location de v\u00e9hicule double commande pour examen VTC pratique\",\"publisher\":{\"@id\":\"https:\/\/vtc-inclusif.fr\/#organization\"},\"potentialAction\":[{\"@type\":\"SearchAction\",\"target\":{\"@type\":\"EntryPoint\",\"urlTemplate\":\"https:\/\/vtc-inclusif.fr\/?s={search_term_string}\"},\"query-input\":{\"@type\":\"PropertyValueSpecification\",\"valueRequired\":true,\"valueName\":\"search_term_string\"}}],\"inLanguage\":\"fr-FR\"},{\"@type\":\"Organization\",\"@id\":\"https:\/\/vtc-inclusif.fr\/#organization\",\"name\":\"VTC-Inclusif\",\"url\":\"https:\/\/vtc-inclusif.fr\/\",\"logo\":{\"@type\":\"ImageObject\",\"inLanguage\":\"fr-FR\",\"@id\":\"https:\/\/vtc-inclusif.fr\/#\/schema\/logo\/image\/\",\"url\":\"https:\/\/vtc-inclusif.fr\/wp-content\/uploads\/2023\/07\/logo-site.png\",\"contentUrl\":\"https:\/\/vtc-inclusif.fr\/wp-content\/uploads\/2023\/07\/logo-site.png\",\"width\":350,\"height\":100,\"caption\":\"VTC-Inclusif\"},\"image\":{\"@id\":\"https:\/\/vtc-inclusif.fr\/#\/schema\/logo\/image\/\"}}]}<\/script>\n<!-- \/ Yoast SEO plugin. -->","yoast_head_json":{"title":"Qui sommes-nous - VTC-Inclusif","description":"VTC Inclusif est une entreprise en \u00cele-de-France qui accompagne les futurs chauffeurs VTC en proposant un service de pr\u00e9paration \u00e0 l'examen vtc ainsi que des solutions vtc accessible \u00e0 tous.","robots":{"index":"index","follow":"follow","max-snippet":"max-snippet:-1","max-image-preview":"max-image-preview:large","max-video-preview":"max-video-preview:-1"},"canonical":"https:\/\/vtc-inclusif.fr\/index.php\/qui-sommes-nous\/","og_locale":"fr_FR","og_type":"article","og_title":"Qui sommes-nous - VTC-Inclusif","og_description":"VTC Inclusif est une entreprise en \u00cele-de-France qui accompagne les futurs chauffeurs VTC en proposant un service de pr\u00e9paration \u00e0 l'examen vtc ainsi que des solutions vtc accessible \u00e0 tous.","og_url":"https:\/\/vtc-inclusif.fr\/index.php\/qui-sommes-nous\/","og_site_name":"VTC-Inclusif","article_modified_time":"2025-08-27T12:58:36+00:00","og_image":[{"width":350,"height":100,"url":"https:\/\/vtc-inclusif.fr\/wp-content\/uploads\/2023\/07\/logo-site.png","type":"image\/png"}],"twitter_card":"summary_large_image","twitter_misc":{"Dur\u00e9e de lecture estim\u00e9e":"2 minutes"},"schema":{"@context":"https:\/\/schema.org","@graph":[{"@type":"WebPage","@id":"https:\/\/vtc-inclusif.fr\/index.php\/qui-sommes-nous\/","url":"https:\/\/vtc-inclusif.fr\/index.php\/qui-sommes-nous\/","name":"Qui sommes-nous - VTC-Inclusif","isPartOf":{"@id":"https:\/\/vtc-inclusif.fr\/#website"},"primaryImageOfPage":{"@id":"https:\/\/vtc-inclusif.fr\/index.php\/qui-sommes-nous\/#primaryimage"},"image":{"@id":"https:\/\/vtc-inclusif.fr\/index.php\/qui-sommes-nous\/#primaryimage"},"thumbnailUrl":"https:\/\/vtc-inclusif.fr\/wp-content\/uploads\/2023\/07\/logo-site.png","datePublished":"2025-03-10T05:31:58+00:00","dateModified":"2025-08-27T12:58:36+00:00","description":"VTC Inclusif est une entreprise en \u00cele-de-France qui accompagne les futurs chauffeurs VTC en proposant un service de pr\u00e9paration \u00e0 l'examen vtc ainsi que des solutions vtc accessible \u00e0 tous.","breadcrumb":{"@id":"https:\/\/vtc-inclusif.fr\/index.php\/qui-sommes-nous\/#breadcrumb"},"inLanguage":"fr-FR","potentialAction":[{"@type":"ReadAction","target":["https:\/\/vtc-inclusif.fr\/index.php\/qui-sommes-nous\/"]}]},{"@type":"ImageObject","inLanguage":"fr-FR","@id":"https:\/\/vtc-inclusif.fr\/index.php\/qui-sommes-nous\/#primaryimage","url":"https:\/\/vtc-inclusif.fr\/wp-content\/uploads\/2023\/07\/logo-site.png","contentUrl":"https:\/\/vtc-inclusif.fr\/wp-content\/uploads\/2023\/07\/logo-site.png","width":350,"height":100},{"@type":"BreadcrumbList","@id":"https:\/\/vtc-inclusif.fr\/index.php\/qui-sommes-nous\/#breadcrumb","itemListElement":[{"@type":"ListItem","position":1,"name":"Accueil","item":"https:\/\/vtc-inclusif.fr\/"},{"@type":"ListItem","position":2,"name":"Qui sommes-nous"}]},{"@type":"WebSite","@id":"https:\/\/vtc-inclusif.fr\/#website","url":"https:\/\/vtc-inclusif.fr\/","name":"VTC-Inclusif","description":"Examen blanc vtc et Location de v\u00e9hicule double commande pour examen VTC pratique","publisher":{"@id":"https:\/\/vtc-inclusif.fr\/#organization"},"potentialAction":[{"@type":"SearchAction","target":{"@type":"EntryPoint","urlTemplate":"https:\/\/vtc-inclusif.fr\/?s={search_term_string}"},"query-input":{"@type":"PropertyValueSpecification","valueRequired":true,"valueName":"search_term_string"}}],"inLanguage":"fr-FR"},{"@type":"Organization","@id":"https:\/\/vtc-inclusif.fr\/#organization","name":"VTC-Inclusif","url":"https:\/\/vtc-inclusif.fr\/","logo":{"@type":"ImageObject","inLanguage":"fr-FR","@id":"https:\/\/vtc-inclusif.fr\/#\/schema\/logo\/image\/","url":"https:\/\/vtc-inclusif.fr\/wp-content\/uploads\/2023\/07\/logo-site.png","contentUrl":"https:\/\/vtc-inclusif.fr\/wp-content\/uploads\/2023\/07\/logo-site.png","width":350,"height":100,"caption":"VTC-Inclusif"},"image":{"@id":"https:\/\/vtc-inclusif.fr\/#\/schema\/logo\/image\/"}}]}},"_links":{"self":[{"href":"https:\/\/vtc-inclusif.fr\/index.php\/wp-json\/wp\/v2\/pages\/1909","targetHints":{"allow":["GET"]}}],"collection":[{"href":"https:\/\/vtc-inclusif.fr\/index.php\/wp-json\/wp\/v2\/pages"}],"about":[{"href":"https:\/\/vtc-inclusif.fr\/index.php\/wp-json\/wp\/v2\/types\/page"}],"author":[{"embeddable":true,"href":"https:\/\/vtc-inclusif.fr\/index.php\/wp-json\/wp\/v2\/users\/2"}],"replies":[{"embeddable":true,"href":"https:\/\/vtc-inclusif.fr\/index.php\/wp-json\/wp\/v2\/comments?post=1909"}],"version-history":[{"count":6,"href":"https:\/\/vtc-inclusif.fr\/index.php\/wp-json\/wp\/v2\/pages\/1909\/revisions"}],"predecessor-version":[{"id":3389,"href":"https:\/\/vtc-inclusif.fr\/index.php\/wp-json\/wp\/v2\/pages\/1909\/revisions\/3389"}],"wp:featuredmedia":[{"embeddable":true,"href":"https:\/\/vtc-inclusif.fr\/index.php\/wp-json\/wp\/v2\/media\/1926"}],"wp:attachment":[{"href":"https:\/\/vtc-inclusif.fr\/index.php\/wp-json\/wp\/v2\/media?parent=1909"}],"curies":[{"name":"wp","href":"https:\/\/api.w.org\/{rel}","templated":true}]}}