{"id":3371,"date":"2025-06-17T22:10:56","date_gmt":"2025-06-17T20:10:56","guid":{"rendered":"https:\/\/vtc-inclusif.fr\/?page_id=3371"},"modified":"2025-09-15T09:13:25","modified_gmt":"2025-09-15T07:13:25","slug":"politique-de-confidentialite","status":"publish","type":"page","link":"https:\/\/vtc-inclusif.fr\/index.php\/politique-de-confidentialite\/","title":{"rendered":"Politique de confidentialit\u00e9"},"content":{"rendered":"\t\t<div data-elementor-type=\"wp-page\" data-elementor-id=\"3371\" class=\"elementor elementor-3371\" data-elementor-post-type=\"page\">\n\t\t\t\t\t\t<section class=\"elementor-section elementor-top-section elementor-element elementor-element-e7fa03a elementor-section-boxed elementor-section-height-default elementor-section-height-default\" data-id=\"e7fa03a\" data-element_type=\"section\">\n\t\t\t\t\t\t<div class=\"elementor-container elementor-column-gap-default\">\n\t\t\t\t\t<div class=\"elementor-column elementor-col-100 elementor-top-column elementor-element elementor-element-c7d005c\" data-id=\"c7d005c\" data-element_type=\"column\">\n\t\t\t<div class=\"elementor-widget-wrap elementor-element-populated\">\n\t\t\t\t\t\t<div class=\"elementor-element elementor-element-3067d0e elementor-widget elementor-widget-heading\" data-id=\"3067d0e\" data-element_type=\"widget\" data-widget_type=\"heading.default\">\n\t\t\t\t<div class=\"elementor-widget-container\">\n\t\t\t\t\t<h1 class=\"elementor-heading-title elementor-size-default\">Politique de confidentialit\u00e9<\/h1>\t\t\t\t<\/div>\n\t\t\t\t<\/div>\n\t\t\t\t<div class=\"elementor-element elementor-element-56d8a57 elementor-widget elementor-widget-heading\" data-id=\"56d8a57\" data-element_type=\"widget\" data-widget_type=\"heading.default\">\n\t\t\t\t<div class=\"elementor-widget-container\">\n\t\t\t\t\t<h2 class=\"elementor-heading-title elementor-size-default\">Bienvenue chez VTC Inclusif. La protection de vos donn\u00e9es personnelles est essentielle pour nous. Cette politique vous informe sur la mani\u00e8re dont nous collectons, utilisons et prot\u00e9geons vos donn\u00e9es.<\/h2>\t\t\t\t<\/div>\n\t\t\t\t<\/div>\n\t\t\t\t<div class=\"elementor-element elementor-element-093cb7a elementor-widget elementor-widget-spacer\" data-id=\"093cb7a\" data-element_type=\"widget\" data-widget_type=\"spacer.default\">\n\t\t\t\t<div class=\"elementor-widget-container\">\n\t\t\t\t\t\t\t<div class=\"elementor-spacer\">\n\t\t\t<div class=\"elementor-spacer-inner\"><\/div>\n\t\t<\/div>\n\t\t\t\t\t\t<\/div>\n\t\t\t\t<\/div>\n\t\t\t\t<section class=\"elementor-section elementor-inner-section elementor-element elementor-element-e727dac elementor-section-boxed elementor-section-height-default elementor-section-height-default\" data-id=\"e727dac\" data-element_type=\"section\">\n\t\t\t\t\t\t<div class=\"elementor-container elementor-column-gap-default\">\n\t\t\t\t\t<div class=\"elementor-column elementor-col-50 elementor-inner-column elementor-element elementor-element-3a55813\" data-id=\"3a55813\" data-element_type=\"column\">\n\t\t\t<div class=\"elementor-widget-wrap elementor-element-populated\">\n\t\t\t\t\t\t<div class=\"elementor-element elementor-element-719c27b elementor-widget elementor-widget-text-editor\" data-id=\"719c27b\" data-element_type=\"widget\" data-widget_type=\"text-editor.default\">\n\t\t\t\t<div class=\"elementor-widget-container\">\n\t\t\t\t\t\t\t\t\t<h3><span style=\"color: #003366;\">\ud83d\udcc4<\/span><span style=\"color: #003366;\">Donn\u00e9es collect\u00e9es<\/span><\/h3><p><span style=\"color: #003366;\">Lorsque vous utilisez notre formulaire de r\u00e9servation, nous recueillons :<\/span><\/p><ul data-spread=\"false\"><li><p><span style=\"color: #003366;\">\ud83d\udc64 <strong>Pr\u00e9nom et nom<\/strong><\/span><\/p><\/li><li><p><span style=\"color: #003366;\">\ud83d\udcde <strong>Num\u00e9ro de t\u00e9l\u00e9phone<\/strong><\/span><\/p><\/li><li><p><span style=\"color: #003366;\">\ud83d\udccd <strong>Ville<\/strong><\/span><\/p><\/li><li><p><span style=\"color: #003366;\">\ud83d\udce7 <strong>Adresse e-mail<\/strong> (si fournie)<\/span><\/p><\/li><li><p><span style=\"color: #003366;\">\u2709\ufe0f Autres informations \u00e9ventuelles dans les champs libres<\/span><\/p><\/li><\/ul><div><hr \/><\/div><div><hr \/><\/div><h3><span style=\"color: #003366;\">\u23f2\ufe0f Dur\u00e9e de conservation<\/span><\/h3><p><span style=\"color: #003366;\">Vos donn\u00e9es sont conserv\u00e9es pendant <strong>12 mois maximum<\/strong>, sauf obligation l\u00e9gale diff\u00e9rente.<\/span><\/p><p>\u00a0<\/p><div><hr \/><\/div><div><hr \/><\/div><h3><span style=\"color: #003366;\">\ud83d\udcc4 Vos droits<\/span><\/h3><p><span style=\"color: #003366;\">Conform\u00e9ment au RGPD, vous pouvez :<\/span><\/p><ul data-spread=\"false\"><li><p><span style=\"color: #003366;\">\ud83d\udd0e Acc\u00e9der \u00e0 vos donn\u00e9es<\/span><\/p><\/li><li><p><span style=\"color: #003366;\">\u270f\ufe0f Demander leur modification ou suppression<\/span><\/p><\/li><li><p><span style=\"color: #003366;\">\ud83d\udce9 Nous contacter : <strong>contact@vtc-inclusif.fr<\/strong><\/span><\/p><\/li><\/ul><p>\u00a0<\/p><p>\u00a0<\/p><p>\u00a0<\/p><p>\u00a0<\/p>\t\t\t\t\t\t\t\t<\/div>\n\t\t\t\t<\/div>\n\t\t\t\t\t<\/div>\n\t\t<\/div>\n\t\t\t\t<div class=\"elementor-column elementor-col-50 elementor-inner-column elementor-element elementor-element-670b2de\" data-id=\"670b2de\" data-element_type=\"column\">\n\t\t\t<div class=\"elementor-widget-wrap elementor-element-populated\">\n\t\t\t\t\t\t<div class=\"elementor-element elementor-element-4535013 elementor-widget elementor-widget-text-editor\" data-id=\"4535013\" data-element_type=\"widget\" data-widget_type=\"text-editor.default\">\n\t\t\t\t<div class=\"elementor-widget-container\">\n\t\t\t\t\t\t\t\t\t<h3 data-pm-slice=\"1 3 []\"><span style=\"color: #003366;\">\ud83d\udd0d Utilisation des donn\u00e9es<\/span><\/h3><p><span style=\"color: #003366;\">Vos informations servent uniquement \u00e0 :<\/span><\/p><ul data-spread=\"false\"><li><p><span style=\"color: #003366;\">\ud83d\udcde Vous contacter suite \u00e0 votre demande<\/span><\/p><\/li><li><p><span style=\"color: #003366;\">\ud83d\ude97 G\u00e9rer votre r\u00e9servation<\/span><\/p><\/li><li><p><span style=\"color: #003366;\">\ud83d\udcc5 Vous informer de nos offres pertinentes<\/span><\/p><\/li><\/ul><p>\u00a0<\/p><p>\u00a0<\/p><h3><span style=\"color: #003366;\">\ud83d\udd12 S\u00e9curit\u00e9 des donn\u00e9es<\/span><\/h3><p><span style=\"color: #003366;\">Toutes les informations sont stock\u00e9es de mani\u00e8re s\u00e9curis\u00e9e. Nous <strong>ne partageons ni ne revendons<\/strong> vos donn\u00e9es \u00e0 des tiers.<\/span><\/p><p>\u00a0<\/p><p>\u00a0<\/p><p>\u00a0<\/p><p>\u00a0<\/p><p>\u00a0<\/p><p>\u00a0<\/p><div><hr \/><\/div><p><span style=\"color: #003366;\"><strong>Responsable du traitement :<\/strong> VTC Inclusif, Paris<\/span><br \/><span style=\"color: #003366;\"><strong>Date de mise \u00e0 jour :<\/strong> Juin 2025<\/span><\/p>\t\t\t\t\t\t\t\t<\/div>\n\t\t\t\t<\/div>\n\t\t\t\t\t<\/div>\n\t\t<\/div>\n\t\t\t\t\t<\/div>\n\t\t<\/section>\n\t\t\t\t\t<\/div>\n\t\t<\/div>\n\t\t\t\t\t<\/div>\n\t\t<\/section>\n\t\t\t\t<\/div>\n\t\t","protected":false},"excerpt":{"rendered":"<p>Politique de confidentialit\u00e9 Bienvenue chez VTC Inclusif. La protection de vos donn\u00e9es personnelles est essentielle pour nous. Cette politique vous informe sur la mani\u00e8re dont nous collectons, utilisons et prot\u00e9geons vos donn\u00e9es. \ud83d\udcc4Donn\u00e9es collect\u00e9es Lorsque vous utilisez notre formulaire de r\u00e9servation, nous recueillons : \ud83d\udc64 Pr\u00e9nom et nom \ud83d\udcde Num\u00e9ro de t\u00e9l\u00e9phone \ud83d\udccd Ville \ud83d\udce7 [&hellip;]<\/p>\n","protected":false},"author":1,"featured_media":0,"parent":0,"menu_order":0,"comment_status":"closed","ping_status":"closed","template":"","meta":{"_acf_changed":false,"om_disable_all_campaigns":false,"_monsterinsights_skip_tracking":false,"_monsterinsights_sitenote_active":false,"_monsterinsights_sitenote_note":"","_monsterinsights_sitenote_category":0,"_uf_show_specific_survey":0,"_uf_disable_surveys":false,"footnotes":""},"class_list":["post-3371","page","type-page","status-publish","hentry"],"acf":[],"yoast_head":"<!-- This site is optimized with the Yoast SEO plugin v26.7 - https:\/\/yoast.com\/wordpress\/plugins\/seo\/ -->\n<title>Politique de confidentialit\u00e9 - VTC-Inclusif<\/title>\n<meta name=\"robots\" content=\"index, follow, max-snippet:-1, max-image-preview:large, max-video-preview:-1\" \/>\n<link rel=\"canonical\" href=\"https:\/\/vtc-inclusif.fr\/index.php\/politique-de-confidentialite\/\" \/>\n<meta property=\"og:locale\" content=\"fr_FR\" \/>\n<meta property=\"og:type\" content=\"article\" \/>\n<meta property=\"og:title\" content=\"Politique de confidentialit\u00e9 - VTC-Inclusif\" \/>\n<meta property=\"og:description\" content=\"Politique de confidentialit\u00e9 Bienvenue chez VTC Inclusif. La protection de vos donn\u00e9es personnelles est essentielle pour nous. Cette politique vous informe sur la mani\u00e8re dont nous collectons, utilisons et prot\u00e9geons vos donn\u00e9es. \ud83d\udcc4Donn\u00e9es collect\u00e9es Lorsque vous utilisez notre formulaire de r\u00e9servation, nous recueillons : \ud83d\udc64 Pr\u00e9nom et nom \ud83d\udcde Num\u00e9ro de t\u00e9l\u00e9phone \ud83d\udccd Ville \ud83d\udce7 [&hellip;]\" \/>\n<meta property=\"og:url\" content=\"https:\/\/vtc-inclusif.fr\/index.php\/politique-de-confidentialite\/\" \/>\n<meta property=\"og:site_name\" content=\"VTC-Inclusif\" \/>\n<meta property=\"article:modified_time\" content=\"2025-09-15T07:13:25+00:00\" \/>\n<meta name=\"twitter:card\" content=\"summary_large_image\" \/>\n<meta name=\"twitter:label1\" content=\"Dur\u00e9e de lecture estim\u00e9e\" \/>\n\t<meta name=\"twitter:data1\" content=\"1 minute\" \/>\n<script type=\"application\/ld+json\" class=\"yoast-schema-graph\">{\"@context\":\"https:\/\/schema.org\",\"@graph\":[{\"@type\":\"WebPage\",\"@id\":\"https:\/\/vtc-inclusif.fr\/index.php\/politique-de-confidentialite\/\",\"url\":\"https:\/\/vtc-inclusif.fr\/index.php\/politique-de-confidentialite\/\",\"name\":\"Politique de confidentialit\u00e9 - VTC-Inclusif\",\"isPartOf\":{\"@id\":\"https:\/\/vtc-inclusif.fr\/#website\"},\"datePublished\":\"2025-06-17T20:10:56+00:00\",\"dateModified\":\"2025-09-15T07:13:25+00:00\",\"breadcrumb\":{\"@id\":\"https:\/\/vtc-inclusif.fr\/index.php\/politique-de-confidentialite\/#breadcrumb\"},\"inLanguage\":\"fr-FR\",\"potentialAction\":[{\"@type\":\"ReadAction\",\"target\":[\"https:\/\/vtc-inclusif.fr\/index.php\/politique-de-confidentialite\/\"]}]},{\"@type\":\"BreadcrumbList\",\"@id\":\"https:\/\/vtc-inclusif.fr\/index.php\/politique-de-confidentialite\/#breadcrumb\",\"itemListElement\":[{\"@type\":\"ListItem\",\"position\":1,\"name\":\"Accueil\",\"item\":\"https:\/\/vtc-inclusif.fr\/\"},{\"@type\":\"ListItem\",\"position\":2,\"name\":\"Politique de confidentialit\u00e9\"}]},{\"@type\":\"WebSite\",\"@id\":\"https:\/\/vtc-inclusif.fr\/#website\",\"url\":\"https:\/\/vtc-inclusif.fr\/\",\"name\":\"VTC-Inclusif\",\"description\":\"Examen blanc vtc et Location de v\u00e9hicule double commande pour examen VTC pratique\",\"publisher\":{\"@id\":\"https:\/\/vtc-inclusif.fr\/#organization\"},\"potentialAction\":[{\"@type\":\"SearchAction\",\"target\":{\"@type\":\"EntryPoint\",\"urlTemplate\":\"https:\/\/vtc-inclusif.fr\/?s={search_term_string}\"},\"query-input\":{\"@type\":\"PropertyValueSpecification\",\"valueRequired\":true,\"valueName\":\"search_term_string\"}}],\"inLanguage\":\"fr-FR\"},{\"@type\":\"Organization\",\"@id\":\"https:\/\/vtc-inclusif.fr\/#organization\",\"name\":\"VTC-Inclusif\",\"url\":\"https:\/\/vtc-inclusif.fr\/\",\"logo\":{\"@type\":\"ImageObject\",\"inLanguage\":\"fr-FR\",\"@id\":\"https:\/\/vtc-inclusif.fr\/#\/schema\/logo\/image\/\",\"url\":\"https:\/\/vtc-inclusif.fr\/wp-content\/uploads\/2023\/07\/logo-site.png\",\"contentUrl\":\"https:\/\/vtc-inclusif.fr\/wp-content\/uploads\/2023\/07\/logo-site.png\",\"width\":350,\"height\":100,\"caption\":\"VTC-Inclusif\"},\"image\":{\"@id\":\"https:\/\/vtc-inclusif.fr\/#\/schema\/logo\/image\/\"}}]}<\/script>\n<!-- \/ Yoast SEO plugin. -->","yoast_head_json":{"title":"Politique de confidentialit\u00e9 - VTC-Inclusif","robots":{"index":"index","follow":"follow","max-snippet":"max-snippet:-1","max-image-preview":"max-image-preview:large","max-video-preview":"max-video-preview:-1"},"canonical":"https:\/\/vtc-inclusif.fr\/index.php\/politique-de-confidentialite\/","og_locale":"fr_FR","og_type":"article","og_title":"Politique de confidentialit\u00e9 - VTC-Inclusif","og_description":"Politique de confidentialit\u00e9 Bienvenue chez VTC Inclusif. La protection de vos donn\u00e9es personnelles est essentielle pour nous. Cette politique vous informe sur la mani\u00e8re dont nous collectons, utilisons et prot\u00e9geons vos donn\u00e9es. \ud83d\udcc4Donn\u00e9es collect\u00e9es Lorsque vous utilisez notre formulaire de r\u00e9servation, nous recueillons : \ud83d\udc64 Pr\u00e9nom et nom \ud83d\udcde Num\u00e9ro de t\u00e9l\u00e9phone \ud83d\udccd Ville \ud83d\udce7 [&hellip;]","og_url":"https:\/\/vtc-inclusif.fr\/index.php\/politique-de-confidentialite\/","og_site_name":"VTC-Inclusif","article_modified_time":"2025-09-15T07:13:25+00:00","twitter_card":"summary_large_image","twitter_misc":{"Dur\u00e9e de lecture estim\u00e9e":"1 minute"},"schema":{"@context":"https:\/\/schema.org","@graph":[{"@type":"WebPage","@id":"https:\/\/vtc-inclusif.fr\/index.php\/politique-de-confidentialite\/","url":"https:\/\/vtc-inclusif.fr\/index.php\/politique-de-confidentialite\/","name":"Politique de confidentialit\u00e9 - VTC-Inclusif","isPartOf":{"@id":"https:\/\/vtc-inclusif.fr\/#website"},"datePublished":"2025-06-17T20:10:56+00:00","dateModified":"2025-09-15T07:13:25+00:00","breadcrumb":{"@id":"https:\/\/vtc-inclusif.fr\/index.php\/politique-de-confidentialite\/#breadcrumb"},"inLanguage":"fr-FR","potentialAction":[{"@type":"ReadAction","target":["https:\/\/vtc-inclusif.fr\/index.php\/politique-de-confidentialite\/"]}]},{"@type":"BreadcrumbList","@id":"https:\/\/vtc-inclusif.fr\/index.php\/politique-de-confidentialite\/#breadcrumb","itemListElement":[{"@type":"ListItem","position":1,"name":"Accueil","item":"https:\/\/vtc-inclusif.fr\/"},{"@type":"ListItem","position":2,"name":"Politique de confidentialit\u00e9"}]},{"@type":"WebSite","@id":"https:\/\/vtc-inclusif.fr\/#website","url":"https:\/\/vtc-inclusif.fr\/","name":"VTC-Inclusif","description":"Examen blanc vtc et Location de v\u00e9hicule double commande pour examen VTC pratique","publisher":{"@id":"https:\/\/vtc-inclusif.fr\/#organization"},"potentialAction":[{"@type":"SearchAction","target":{"@type":"EntryPoint","urlTemplate":"https:\/\/vtc-inclusif.fr\/?s={search_term_string}"},"query-input":{"@type":"PropertyValueSpecification","valueRequired":true,"valueName":"search_term_string"}}],"inLanguage":"fr-FR"},{"@type":"Organization","@id":"https:\/\/vtc-inclusif.fr\/#organization","name":"VTC-Inclusif","url":"https:\/\/vtc-inclusif.fr\/","logo":{"@type":"ImageObject","inLanguage":"fr-FR","@id":"https:\/\/vtc-inclusif.fr\/#\/schema\/logo\/image\/","url":"https:\/\/vtc-inclusif.fr\/wp-content\/uploads\/2023\/07\/logo-site.png","contentUrl":"https:\/\/vtc-inclusif.fr\/wp-content\/uploads\/2023\/07\/logo-site.png","width":350,"height":100,"caption":"VTC-Inclusif"},"image":{"@id":"https:\/\/vtc-inclusif.fr\/#\/schema\/logo\/image\/"}}]}},"_links":{"self":[{"href":"https:\/\/vtc-inclusif.fr\/index.php\/wp-json\/wp\/v2\/pages\/3371","targetHints":{"allow":["GET"]}}],"collection":[{"href":"https:\/\/vtc-inclusif.fr\/index.php\/wp-json\/wp\/v2\/pages"}],"about":[{"href":"https:\/\/vtc-inclusif.fr\/index.php\/wp-json\/wp\/v2\/types\/page"}],"author":[{"embeddable":true,"href":"https:\/\/vtc-inclusif.fr\/index.php\/wp-json\/wp\/v2\/users\/1"}],"replies":[{"embeddable":true,"href":"https:\/\/vtc-inclusif.fr\/index.php\/wp-json\/wp\/v2\/comments?post=3371"}],"version-history":[{"count":7,"href":"https:\/\/vtc-inclusif.fr\/index.php\/wp-json\/wp\/v2\/pages\/3371\/revisions"}],"predecessor-version":[{"id":3380,"href":"https:\/\/vtc-inclusif.fr\/index.php\/wp-json\/wp\/v2\/pages\/3371\/revisions\/3380"}],"wp:attachment":[{"href":"https:\/\/vtc-inclusif.fr\/index.php\/wp-json\/wp\/v2\/media?parent=3371"}],"curies":[{"name":"wp","href":"https:\/\/api.w.org\/{rel}","templated":true}]}}